{"id":31,"date":"2023-05-10T11:41:00","date_gmt":"2023-05-10T11:41:00","guid":{"rendered":"https:\/\/kessler.mission-webstyle.de\/?page_id=31"},"modified":"2024-09-25T11:28:13","modified_gmt":"2024-09-25T11:28:13","slug":"ueber-uns","status":"publish","type":"page","link":"https:\/\/krankengymnastik-kessler-quierschied-de.mws-dev.de\/index.php\/ueber-uns\/","title":{"rendered":"\u00dcber Uns"},"content":{"rendered":"\n<h2 class=\"wp-block-heading has-text-align-center\"><strong>Die Physiotherapie-Praxis im Haus der Gesundheit<\/strong><br>\u2013 \u00fcber 25 Jahre Erfahrung!<\/h2>\n\n\n\n<figure class=\"wp-block-image aligncenter size-medium\"><img loading=\"lazy\" decoding=\"async\" width=\"300\" height=\"71\" src=\"https:\/\/krankengymnastik-kessler-quierschied-de.mws-dev.de\/wp-content\/uploads\/2024\/01\/trennlinie-300x71.png\" alt=\"\" class=\"wp-image-378\" srcset=\"https:\/\/krankengymnastik-kessler-quierschied-de.mws-dev.de\/wp-content\/uploads\/2024\/01\/trennlinie-300x71.png 300w, https:\/\/krankengymnastik-kessler-quierschied-de.mws-dev.de\/wp-content\/uploads\/2024\/01\/trennlinie.png 528w\" sizes=\"auto, (max-width: 300px) 100vw, 300px\" \/><\/figure>\n\n\n\n<div class=\"wp-block-group alignfull animated fadeIn duration1 eds-on-scroll has-secondary-color has-color-2-background-color has-text-color has-background has-link-color wp-elements-411daed80438df9d9de90802b25d6076 has-global-padding is-layout-constrained wp-container-core-group-is-layout-254f1302 wp-block-group-is-layout-constrained\" style=\"padding-top:0;padding-right:0;padding-bottom:0;padding-left:0\">\n<figure class=\"wp-block-image alignfull size-full\"><img decoding=\"async\" src=\"https:\/\/krankengymnastik-kessler-quierschied-de.mws-dev.de\/wp-content\/uploads\/2024\/01\/layer-header-cover.svg\" alt=\"\" class=\"wp-image-310\"\/><\/figure>\n\n\n\n<div class=\"wp-block-columns alignwide is-layout-flex wp-container-core-columns-is-layout-1a2ddb66 wp-block-columns-is-layout-flex\" style=\"padding-right:var(--wp--preset--spacing--30);padding-left:var(--wp--preset--spacing--30)\">\n<div class=\"wp-block-column is-layout-flow wp-block-column-is-layout-flow\">\n<p>Der <strong>Kopf unseres Teams<\/strong> ist <strong>Svenja Ke\u00dfler<\/strong>, eine leidenschaftliche Therapeutin, deren Hingabe und Fachwissen die S\u00e4ulen unseres Erfolges sind.<\/p>\n\n\n\n<p>Svenja<strong> f\u00fchrt die Praxis<\/strong> <strong>mit<\/strong> der gleichen <strong>\u00dcberzeugung und<\/strong> <strong>Liebe<\/strong> wie es schon die vorherige Generation getan hat.<\/p>\n\n\n\n<p>Sie und Ihr <strong>qualifiziertes Team<\/strong> sind stets darauf bedacht, Behandlungsmethoden und den Service f\u00fcr unsere Patienten zu verbessern.<\/p>\n\n\n\n<p>Als Praxis mit <strong>famili\u00e4rer Atmosph\u00e4re<\/strong> verstehen wir die <strong>Bedeutung von<\/strong> <strong>F\u00fcrsorge<\/strong> und <strong>pers\u00f6nlicher Aufmerksamkeit<\/strong>. Jeder Patient, der unsere Praxis betritt, wird teil unserer Gemeinschaft.<\/p>\n\n\n\n<p><strong>Wir<\/strong> h\u00f6ren zu und wir sind da um zu <strong>unterst\u00fctzen<\/strong> und zu <strong>begleiten<\/strong>.<\/p>\n<\/div>\n\n\n\n<div class=\"wp-block-column is-vertically-aligned-center is-layout-flow wp-block-column-is-layout-flow\">\n<figure class=\"wp-block-image aligncenter size-full round-pictures\"><img loading=\"lazy\" decoding=\"async\" width=\"2560\" height=\"1810\" src=\"https:\/\/krankengymnastik-kessler-quierschied-de.mws-dev.de\/wp-content\/uploads\/2024\/09\/Gruppenbild_1-12-scaled.jpg\" alt=\"\" class=\"wp-image-627\" srcset=\"https:\/\/krankengymnastik-kessler-quierschied-de.mws-dev.de\/wp-content\/uploads\/2024\/09\/Gruppenbild_1-12-scaled.jpg 2560w, https:\/\/krankengymnastik-kessler-quierschied-de.mws-dev.de\/wp-content\/uploads\/2024\/09\/Gruppenbild_1-12-300x212.jpg 300w, https:\/\/krankengymnastik-kessler-quierschied-de.mws-dev.de\/wp-content\/uploads\/2024\/09\/Gruppenbild_1-12-1024x724.jpg 1024w, https:\/\/krankengymnastik-kessler-quierschied-de.mws-dev.de\/wp-content\/uploads\/2024\/09\/Gruppenbild_1-12-768x543.jpg 768w, https:\/\/krankengymnastik-kessler-quierschied-de.mws-dev.de\/wp-content\/uploads\/2024\/09\/Gruppenbild_1-12-1536x1086.jpg 1536w, https:\/\/krankengymnastik-kessler-quierschied-de.mws-dev.de\/wp-content\/uploads\/2024\/09\/Gruppenbild_1-12-2048x1448.jpg 2048w\" sizes=\"auto, (max-width: 2560px) 100vw, 2560px\" \/><\/figure>\n<\/div>\n<\/div>\n\n\n\n<figure class=\"wp-block-image alignfull size-full\"><img decoding=\"async\" src=\"https:\/\/krankengymnastik-kessler-quierschied-de.mws-dev.de\/wp-content\/uploads\/2024\/01\/layer-header-cover-bottom.svg\" alt=\"\" class=\"wp-image-313\"\/><\/figure>\n<\/div>\n\n\n\n<div class=\"wp-block-group alignfull animated fadeIn duration1 eds-on-scroll has-global-padding is-layout-constrained wp-container-core-group-is-layout-301020a0 wp-block-group-is-layout-constrained\" style=\"padding-top:var(--wp--preset--spacing--50);padding-right:var(--wp--preset--spacing--50);padding-bottom:var(--wp--preset--spacing--50);padding-left:var(--wp--preset--spacing--50)\">\n<h2 class=\"wp-block-heading has-text-align-center\">Wer wir sind<\/h2>\n\n\n\n<figure class=\"wp-block-image aligncenter size-medium\"><img loading=\"lazy\" decoding=\"async\" width=\"300\" height=\"71\" src=\"https:\/\/krankengymnastik-kessler-quierschied-de.mws-dev.de\/wp-content\/uploads\/2024\/01\/trennlinie-300x71.png\" alt=\"\" class=\"wp-image-378\" srcset=\"https:\/\/krankengymnastik-kessler-quierschied-de.mws-dev.de\/wp-content\/uploads\/2024\/01\/trennlinie-300x71.png 300w, https:\/\/krankengymnastik-kessler-quierschied-de.mws-dev.de\/wp-content\/uploads\/2024\/01\/trennlinie.png 528w\" sizes=\"auto, (max-width: 300px) 100vw, 300px\" \/><\/figure>\n\n\n\n<div class=\"wp-block-media-text is-stacked-on-mobile round-pictures\"><figure class=\"wp-block-media-text__media\"><img loading=\"lazy\" decoding=\"async\" width=\"500\" height=\"500\" src=\"https:\/\/krankengymnastik-kessler-quierschied-de.mws-dev.de\/wp-content\/uploads\/2024\/03\/svenja.jpg\" alt=\"\" class=\"wp-image-601 size-full\" srcset=\"https:\/\/krankengymnastik-kessler-quierschied-de.mws-dev.de\/wp-content\/uploads\/2024\/03\/svenja.jpg 500w, https:\/\/krankengymnastik-kessler-quierschied-de.mws-dev.de\/wp-content\/uploads\/2024\/03\/svenja-300x300.jpg 300w, https:\/\/krankengymnastik-kessler-quierschied-de.mws-dev.de\/wp-content\/uploads\/2024\/03\/svenja-150x150.jpg 150w\" sizes=\"auto, (max-width: 500px) 100vw, 500px\" \/><\/figure><div class=\"wp-block-media-text__content\">\n<h3 class=\"wp-block-heading has-text-align-left\"><strong>Svenja Ke\u00dfler<\/strong> &#8211; Physiotherapeutin<\/h3>\n\n\n\n<p class=\"has-text-align-left\">Manuelle Lymphdrainage, Behandlung nach Bobath-Konzept, Manuelle Therapie, Atemtherapie, Atlastherapie &amp; Kiefergelenkstherapie<\/p>\n<\/div><\/div>\n\n\n\n<div class=\"wp-block-media-text has-media-on-the-right is-stacked-on-mobile round-pictures\"><div class=\"wp-block-media-text__content\">\n<h3 class=\"wp-block-heading has-text-align-left\"><strong>Jana Sold<\/strong> &#8211; <br>Physiotherapeutin<\/h3>\n\n\n\n<p class=\"has-text-align-left\">Manuelle Lymphdrainage, Manuelle Therapie, Atlastherapie &amp; Kiefergelenkstherapie<\/p>\n<\/div><figure class=\"wp-block-media-text__media\"><img loading=\"lazy\" decoding=\"async\" width=\"1024\" height=\"1024\" src=\"https:\/\/krankengymnastik-kessler-quierschied-de.mws-dev.de\/wp-content\/uploads\/2024\/03\/Jana-1024x1024.jpg\" alt=\"\" class=\"wp-image-510 size-full\" srcset=\"https:\/\/krankengymnastik-kessler-quierschied-de.mws-dev.de\/wp-content\/uploads\/2024\/03\/Jana-1024x1024.jpg 1024w, https:\/\/krankengymnastik-kessler-quierschied-de.mws-dev.de\/wp-content\/uploads\/2024\/03\/Jana-300x300.jpg 300w, https:\/\/krankengymnastik-kessler-quierschied-de.mws-dev.de\/wp-content\/uploads\/2024\/03\/Jana-150x150.jpg 150w, https:\/\/krankengymnastik-kessler-quierschied-de.mws-dev.de\/wp-content\/uploads\/2024\/03\/Jana-768x768.jpg 768w, https:\/\/krankengymnastik-kessler-quierschied-de.mws-dev.de\/wp-content\/uploads\/2024\/03\/Jana-1536x1536.jpg 1536w, https:\/\/krankengymnastik-kessler-quierschied-de.mws-dev.de\/wp-content\/uploads\/2024\/03\/Jana-2048x2048.jpg 2048w\" sizes=\"auto, (max-width: 1024px) 100vw, 1024px\" \/><\/figure><\/div>\n\n\n\n<div class=\"wp-block-media-text is-stacked-on-mobile round-pictures\"><figure class=\"wp-block-media-text__media\"><img loading=\"lazy\" decoding=\"async\" width=\"1024\" height=\"1024\" src=\"https:\/\/krankengymnastik-kessler-quierschied-de.mws-dev.de\/wp-content\/uploads\/2024\/03\/Marie-1024x1024.jpg\" alt=\"\" class=\"wp-image-511 size-full\" srcset=\"https:\/\/krankengymnastik-kessler-quierschied-de.mws-dev.de\/wp-content\/uploads\/2024\/03\/Marie-1024x1024.jpg 1024w, https:\/\/krankengymnastik-kessler-quierschied-de.mws-dev.de\/wp-content\/uploads\/2024\/03\/Marie-300x300.jpg 300w, https:\/\/krankengymnastik-kessler-quierschied-de.mws-dev.de\/wp-content\/uploads\/2024\/03\/Marie-150x150.jpg 150w, https:\/\/krankengymnastik-kessler-quierschied-de.mws-dev.de\/wp-content\/uploads\/2024\/03\/Marie-768x768.jpg 768w, https:\/\/krankengymnastik-kessler-quierschied-de.mws-dev.de\/wp-content\/uploads\/2024\/03\/Marie-1536x1536.jpg 1536w, https:\/\/krankengymnastik-kessler-quierschied-de.mws-dev.de\/wp-content\/uploads\/2024\/03\/Marie-2048x2048.jpg 2048w\" sizes=\"auto, (max-width: 1024px) 100vw, 1024px\" \/><\/figure><div class=\"wp-block-media-text__content\">\n<h3 class=\"wp-block-heading has-text-align-left\"><strong>Marie Sold<\/strong> &#8211; <br>Physiotherapeutin<\/h3>\n\n\n\n<p class=\"has-text-align-left\">Manuelle Lymphdrainage, Manuelle Therapie, Atlastherapie &amp; Kiefergelenkstherapie<\/p>\n<\/div><\/div>\n\n\n\n<div class=\"wp-block-media-text has-media-on-the-right is-stacked-on-mobile round-pictures\"><div class=\"wp-block-media-text__content\">\n<h3 class=\"wp-block-heading\"><strong>Sabine Woytkowski<\/strong> &#8211; Physiotherapeutin<\/h3>\n\n\n\n<p>Manuelle Lymphdrainage<br><\/p>\n<\/div><figure class=\"wp-block-media-text__media\"><img loading=\"lazy\" decoding=\"async\" width=\"1024\" height=\"1024\" src=\"https:\/\/krankengymnastik-kessler-quierschied-de.mws-dev.de\/wp-content\/uploads\/2024\/03\/Sabine-1024x1024.jpg\" alt=\"\" class=\"wp-image-512 size-full\" srcset=\"https:\/\/krankengymnastik-kessler-quierschied-de.mws-dev.de\/wp-content\/uploads\/2024\/03\/Sabine-1024x1024.jpg 1024w, https:\/\/krankengymnastik-kessler-quierschied-de.mws-dev.de\/wp-content\/uploads\/2024\/03\/Sabine-300x300.jpg 300w, https:\/\/krankengymnastik-kessler-quierschied-de.mws-dev.de\/wp-content\/uploads\/2024\/03\/Sabine-150x150.jpg 150w, https:\/\/krankengymnastik-kessler-quierschied-de.mws-dev.de\/wp-content\/uploads\/2024\/03\/Sabine-768x768.jpg 768w, https:\/\/krankengymnastik-kessler-quierschied-de.mws-dev.de\/wp-content\/uploads\/2024\/03\/Sabine-1536x1536.jpg 1536w, https:\/\/krankengymnastik-kessler-quierschied-de.mws-dev.de\/wp-content\/uploads\/2024\/03\/Sabine-2048x2048.jpg 2048w\" sizes=\"auto, (max-width: 1024px) 100vw, 1024px\" \/><\/figure><\/div>\n\n\n\n<div class=\"wp-block-media-text is-stacked-on-mobile round-pictures\"><figure class=\"wp-block-media-text__media\"><img loading=\"lazy\" decoding=\"async\" width=\"1024\" height=\"1024\" src=\"https:\/\/krankengymnastik-kessler-quierschied-de.mws-dev.de\/wp-content\/uploads\/2024\/03\/Carola-1024x1024.jpg\" alt=\"\" class=\"wp-image-507 size-full\" srcset=\"https:\/\/krankengymnastik-kessler-quierschied-de.mws-dev.de\/wp-content\/uploads\/2024\/03\/Carola-1024x1024.jpg 1024w, https:\/\/krankengymnastik-kessler-quierschied-de.mws-dev.de\/wp-content\/uploads\/2024\/03\/Carola-300x300.jpg 300w, https:\/\/krankengymnastik-kessler-quierschied-de.mws-dev.de\/wp-content\/uploads\/2024\/03\/Carola-150x150.jpg 150w, https:\/\/krankengymnastik-kessler-quierschied-de.mws-dev.de\/wp-content\/uploads\/2024\/03\/Carola-768x768.jpg 768w, https:\/\/krankengymnastik-kessler-quierschied-de.mws-dev.de\/wp-content\/uploads\/2024\/03\/Carola-1536x1536.jpg 1536w, https:\/\/krankengymnastik-kessler-quierschied-de.mws-dev.de\/wp-content\/uploads\/2024\/03\/Carola-2048x2048.jpg 2048w\" sizes=\"auto, (max-width: 1024px) 100vw, 1024px\" \/><\/figure><div class=\"wp-block-media-text__content\">\n<h3 class=\"wp-block-heading\"><strong>Carola Mazet<\/strong> &#8211; Physiotherapeutin<\/h3>\n\n\n\n<p>Manuelle Lymphdrainage<br><\/p>\n<\/div><\/div>\n\n\n\n<div class=\"wp-block-media-text has-media-on-the-right is-stacked-on-mobile round-pictures\"><div class=\"wp-block-media-text__content\">\n<h3 class=\"wp-block-heading\"><strong>Cora Ke\u00dfler<\/strong> &#8211; <br>Sekretariat<br><\/h3>\n<\/div><figure class=\"wp-block-media-text__media\"><img loading=\"lazy\" decoding=\"async\" width=\"1024\" height=\"1024\" src=\"https:\/\/krankengymnastik-kessler-quierschied-de.mws-dev.de\/wp-content\/uploads\/2024\/03\/Cora-1024x1024.jpg\" alt=\"\" class=\"wp-image-509 size-full\" srcset=\"https:\/\/krankengymnastik-kessler-quierschied-de.mws-dev.de\/wp-content\/uploads\/2024\/03\/Cora-1024x1024.jpg 1024w, https:\/\/krankengymnastik-kessler-quierschied-de.mws-dev.de\/wp-content\/uploads\/2024\/03\/Cora-300x300.jpg 300w, https:\/\/krankengymnastik-kessler-quierschied-de.mws-dev.de\/wp-content\/uploads\/2024\/03\/Cora-150x150.jpg 150w, https:\/\/krankengymnastik-kessler-quierschied-de.mws-dev.de\/wp-content\/uploads\/2024\/03\/Cora-768x768.jpg 768w, https:\/\/krankengymnastik-kessler-quierschied-de.mws-dev.de\/wp-content\/uploads\/2024\/03\/Cora-1536x1536.jpg 1536w, https:\/\/krankengymnastik-kessler-quierschied-de.mws-dev.de\/wp-content\/uploads\/2024\/03\/Cora-2048x2048.jpg 2048w\" sizes=\"auto, (max-width: 1024px) 100vw, 1024px\" \/><\/figure><\/div>\n<\/div>\n","protected":false},"excerpt":{"rendered":"<p>Die Physiotherapie-Praxis im Haus der Gesundheit\u2013 \u00fcber 25 Jahre Erfahrung! Der Kopf unseres Teams ist Svenja Ke\u00dfler, eine leidenschaftliche Therapeutin, deren Hingabe und Fachwissen die S\u00e4ulen unseres Erfolges sind. Svenja f\u00fchrt die Praxis mit der gleichen \u00dcberzeugung und Liebe wie es schon die vorherige Generation getan hat. Sie und Ihr qualifiziertes Team sind stets darauf [&hellip;]<\/p>\n","protected":false},"author":1,"featured_media":245,"parent":0,"menu_order":0,"comment_status":"closed","ping_status":"closed","template":"","meta":{"footnotes":""},"class_list":["post-31","page","type-page","status-publish","has-post-thumbnail","hentry"],"_links":{"self":[{"href":"https:\/\/krankengymnastik-kessler-quierschied-de.mws-dev.de\/index.php\/wp-json\/wp\/v2\/pages\/31","targetHints":{"allow":["GET"]}}],"collection":[{"href":"https:\/\/krankengymnastik-kessler-quierschied-de.mws-dev.de\/index.php\/wp-json\/wp\/v2\/pages"}],"about":[{"href":"https:\/\/krankengymnastik-kessler-quierschied-de.mws-dev.de\/index.php\/wp-json\/wp\/v2\/types\/page"}],"author":[{"embeddable":true,"href":"https:\/\/krankengymnastik-kessler-quierschied-de.mws-dev.de\/index.php\/wp-json\/wp\/v2\/users\/1"}],"replies":[{"embeddable":true,"href":"https:\/\/krankengymnastik-kessler-quierschied-de.mws-dev.de\/index.php\/wp-json\/wp\/v2\/comments?post=31"}],"version-history":[{"count":44,"href":"https:\/\/krankengymnastik-kessler-quierschied-de.mws-dev.de\/index.php\/wp-json\/wp\/v2\/pages\/31\/revisions"}],"predecessor-version":[{"id":630,"href":"https:\/\/krankengymnastik-kessler-quierschied-de.mws-dev.de\/index.php\/wp-json\/wp\/v2\/pages\/31\/revisions\/630"}],"wp:featuredmedia":[{"embeddable":true,"href":"https:\/\/krankengymnastik-kessler-quierschied-de.mws-dev.de\/index.php\/wp-json\/wp\/v2\/media\/245"}],"wp:attachment":[{"href":"https:\/\/krankengymnastik-kessler-quierschied-de.mws-dev.de\/index.php\/wp-json\/wp\/v2\/media?parent=31"}],"curies":[{"name":"wp","href":"https:\/\/api.w.org\/{rel}","templated":true}]}}